{"id":2455,"date":"2024-12-06T15:46:31","date_gmt":"2024-12-06T14:46:31","guid":{"rendered":"https:\/\/www.tracciati.eu\/?page_id=2455"},"modified":"2025-02-17T13:18:08","modified_gmt":"2025-02-17T12:18:08","slug":"le-nostre-collane","status":"publish","type":"page","link":"https:\/\/www.tracciatieditore.it\/index.php\/le-nostre-collane\/","title":{"rendered":"LE NOSTRE COLLANE"},"content":{"rendered":"<p style=\"font-weight: 400;\">La casa editrice Tracciati si dedica a raccogliere e fare conoscere le storie di luoghi e persone.<\/p>\n<p style=\"font-weight: 400;\">Crediamo sia possibile farlo attraverso diversi registri o competenze. Quindi accanto alle vicende storiche e biografiche proponiamo diaristica, opere letterarie, testi poetici, racconto per bambini. Ospitiamo penne professionali, ma anche narrazioni personali, purch\u00e9 raccontino bene aspetti di ci\u00f2 che \u00e8 la vita.<\/p>\n<p style=\"font-weight: 400;\">Queste le nostre collane:<\/p>\n<ul>\n<li><a href=\"https:\/\/www.tracciati.eu\/index.php\/category\/i-nostri-libri\/storia\/\"><strong>TRACCIATI DI STORIA<\/strong><\/a>. Raccoglie racconti o saggi su vicende storiche italiane, a partire dal Veneto e oltre, comprese le biografie sui protagonisti.<\/li>\n<li><a href=\"https:\/\/www.tracciati.eu\/index.php\/category\/i-nostri-libri\/i-tralci\/\"><strong>I TRALCI<\/strong><\/a>. Raccoglie esperienze personali, tra diaristica, autobiografia, racconti di piccoli fatti quotidiani o di grandi progetti di vita.<\/li>\n<li><strong><a href=\"https:\/\/www.tracciati.eu\/index.php\/category\/i-nostri-libri\/turismo-territorio\/\">TURISMO&amp;TERRITORIO<\/a><\/strong>. il turismo locale e il territorio vissuto e raccontato da chi ci vive.<\/li>\n<li><strong><a href=\"https:\/\/www.tracciati.eu\/index.php\/category\/i-nostri-libri\/poesia\/\">TRACCIATI DI POESIA<\/a><\/strong>. testi poetici e poesia in prosa.<\/li>\n<li><a href=\"https:\/\/www.tracciati.eu\/index.php\/category\/romanzi-racconti\/\"><strong>ROTTE DI CARTA<\/strong><\/a>: Raccoglie romanzi e racconti inediti e originali.<\/li>\n<li><a href=\"https:\/\/www.tracciati.eu\/index.php\/category\/zoom\/\"><strong>ZOOM<\/strong><\/a>. Approfondimenti giornalistici su temi di attualit\u00e0, raccontati da chi lo fa per mestiere.<\/li>\n<\/ul>\n<p style=\"font-weight: 400;\">Se vuoi conoscere i nostri titoli clicca sui nomi delle collane, oppure vai alla sezione del <a href=\"https:\/\/www.tracciati.eu\/tracciatieditore\/index.php\/categoria-prodotto\/catalogo\/\">catalogo<\/a>\u00a0e sfoglia le proposte.<br \/>\nOppure se vuoi pubblicare con noi compila il seguente <a href=\"https:\/\/www.tracciatieditore.it\/index.php\/pubblicare-con-noi\/\">form<\/a>, ti risponderemo entro un paio di settimane.<\/p>\n","protected":false},"excerpt":{"rendered":"<p>La casa editrice Tracciati si dedica a raccogliere e fare conoscere le storie di luoghi e persone. Crediamo sia possibile farlo attraverso diversi registri o competenze. Quindi accanto alle vicende storiche e biografiche proponiamo diaristica, opere letterarie, testi poetici, racconto per bambini. Ospitiamo penne professionali, ma anche narrazioni personali, purch\u00e9 raccontino bene aspetti di ci\u00f2 [&hellip;]<\/p>\n","protected":false},"author":1,"featured_media":0,"parent":0,"menu_order":0,"comment_status":"closed","ping_status":"closed","template":"","meta":{"_monsterinsights_skip_tracking":false,"_monsterinsights_sitenote_active":false,"_monsterinsights_sitenote_note":"","_monsterinsights_sitenote_category":0,"footnotes":""},"class_list":["post-2455","page","type-page","status-publish","hentry"],"aioseo_notices":[],"_links":{"self":[{"href":"https:\/\/www.tracciatieditore.it\/index.php\/wp-json\/wp\/v2\/pages\/2455","targetHints":{"allow":["GET"]}}],"collection":[{"href":"https:\/\/www.tracciatieditore.it\/index.php\/wp-json\/wp\/v2\/pages"}],"about":[{"href":"https:\/\/www.tracciatieditore.it\/index.php\/wp-json\/wp\/v2\/types\/page"}],"author":[{"embeddable":true,"href":"https:\/\/www.tracciatieditore.it\/index.php\/wp-json\/wp\/v2\/users\/1"}],"replies":[{"embeddable":true,"href":"https:\/\/www.tracciatieditore.it\/index.php\/wp-json\/wp\/v2\/comments?post=2455"}],"version-history":[{"count":12,"href":"https:\/\/www.tracciatieditore.it\/index.php\/wp-json\/wp\/v2\/pages\/2455\/revisions"}],"predecessor-version":[{"id":2554,"href":"https:\/\/www.tracciatieditore.it\/index.php\/wp-json\/wp\/v2\/pages\/2455\/revisions\/2554"}],"wp:attachment":[{"href":"https:\/\/www.tracciatieditore.it\/index.php\/wp-json\/wp\/v2\/media?parent=2455"}],"curies":[{"name":"wp","href":"https:\/\/api.w.org\/{rel}","templated":true}]}}

<p style="font-weight: 400;">La casa editrice Tracciati si dedica a raccogliere e fare conoscere le storie di luoghi e persone.</p>
<p style="font-weight: 400;">Crediamo sia possibile farlo attraverso diversi registri o competenze. Quindi accanto alle vicende storiche e biografiche proponiamo diaristica, opere letterarie, testi poetici, racconto per bambini. Ospitiamo penne professionali, ma anche narrazioni personali, purché raccontino bene aspetti di ciò che è la vita.</p>
<p style="font-weight: 400;">Queste le nostre collane:</p>
<ul>
<li><a href="https://www.tracciati.eu/index.php/category/i-nostri-libri/storia/"><strong>TRACCIATI DI STORIA</strong></a>. Raccoglie racconti o saggi su vicende storiche italiane, a partire dal Veneto e oltre, comprese le biografie sui protagonisti.</li>
<li><a href="https://www.tracciati.eu/index.php/category/i-nostri-libri/i-tralci/"><strong>I TRALCI</strong></a>. Raccoglie esperienze personali, tra diaristica, autobiografia, racconti di piccoli fatti quotidiani o di grandi progetti di vita.</li>
<li><strong><a href="https://www.tracciati.eu/index.php/category/i-nostri-libri/turismo-territorio/">TURISMO&amp;TERRITORIO</a></strong>. il turismo locale e il territorio vissuto e raccontato da chi ci vive.</li>
<li><strong><a href="https://www.tracciati.eu/index.php/category/i-nostri-libri/poesia/">TRACCIATI DI POESIA</a></strong>. testi poetici e poesia in prosa.</li>
<li><a href="https://www.tracciati.eu/index.php/category/romanzi-racconti/"><strong>ROTTE DI CARTA</strong></a>: Raccoglie romanzi e racconti inediti e originali.</li>
<li><a href="https://www.tracciati.eu/index.php/category/zoom/"><strong>ZOOM</strong></a>. Approfondimenti giornalistici su temi di attualità, raccontati da chi lo fa per mestiere.</li>
</ul>
<p style="font-weight: 400;">Se vuoi conoscere i nostri titoli clicca sui nomi delle collane, oppure vai alla sezione del <a href="https://www.tracciati.eu/tracciatieditore/index.php/categoria-prodotto/catalogo/">catalogo</a> e sfoglia le proposte.<br />
Oppure se vuoi pubblicare con noi compila il seguente <a href="https://www.tracciatieditore.it/index.php/pubblicare-con-noi/">form</a>, ti risponderemo entro un paio di settimane.</p>

<p>La casa editrice Tracciati si dedica a raccogliere e fare conoscere le storie di luoghi e persone. Crediamo sia possibile farlo attraverso diversi registri o competenze. Quindi accanto alle vicende storiche e biografiche proponiamo diaristica, opere letterarie, testi poetici, racconto per bambini. Ospitiamo penne professionali, ma anche narrazioni personali, purché raccontino bene aspetti di ciò [&hellip;]</p>
